n base 3?
12000222111111
What is -110101010110110000000 (base 2) in base 9?
-3254253
Convert 21034423 (base 5) to base 6.
3423123
100022200221212 (base 3) to base 13
1046015
Convert -100100011111000011 (base 2) to base 9.
-246887
-859d (base 14) to base 16
-5a1f
Convert -381175 (base 9) to base 3.
-102201012112
Convert 11cbc (base 14) to base 4.
22222132
What is 440144 (base 8) in base 11?
a0952
-82210 (base 9) to base 10
-54117
What is 1536002 (base 7) in base 11?
134540
Convert -20109aa (base 11) to base 4.
-31210320330
37147 (base 14) to base 15
29db0
1a2ccc (base 14) to base 3
1202020201121
Convert -731653 (base 9) to base 3.
-211001201210
What is 21323021 (base 4) in base 15?
c09e
What is -1202010122121 (base 3) in base 6?
-31515111
-772bd (base 14) to base 2
-1000110011110100111
Convert -1536054 (base 7) to base 8.
-634050
What is -240200 (base 6) in base 15?
-6273
3257870 (base 9) to base 7
20612034
Convert -1301212213 (base 4) to base 9.
-778261
-28542 (base 16) to base 6
-3312430
What is -1210c (base 15) in base 8?
-160414
What is 2a83e (base 15) in base 14?
37c39
779135 (base 12) to base 7
22113161
What is 60530 (base 8) in base 9?
37158
262ab6 (base 13) to base 8
3405171
-1281f (base 16) to base 15
-176dc
Convert 12022030211 (base 4) to base 13.
446c03
-110011001000000 (base 2) to base 3
-1022220111
What is 53256 (base 15) in base 10?
263781
Convert -22504221 (base 6) to base 13.
-1b3589
Convert 505415000 (base 6) to base 12.
2a9a460
What is -24454a (base 13) in base 12?
-359565
110111101010110011111 (base 2) to base 15
260759
-2560a7 (base 11) to base 2
-1100010011111010010
What is 2039b4 (base 12) in base 14?
d1ac0
Convert 21121233033 (base 4) to base 8.
11315717
-3147742 (base 11) to base 14
-a44844
Convert -26130 (base 9) to base 11.
-12254
11115241 (base 9) to base 16
5226b8
Convert -27006336 (base 8) to base 2.
-10111000000110011011110
-b0cc1 (base 13) to base 6
-10440340
Convert -20b18 (base 14) to base 3.
-11000101022
16378a3 (base 14) to base 8
51432547
31832 (base 15) to base 12
76ab5
Convert -101331033 (base 4) to base 14.
-1cb39
What is 510530344 (base 6) in base 14?
123026c
Convert -1376492 (base 10) to base 11.
-8601a7
Convert 1413302231 (base 5) to base 7.
43012215
23b1e (base 16) to base 7
1146154
What is -2226432 (base 7) in base 14?
-72819
5187 (base 10) to base 8
12103
What is 115418 (base 10) in base 13?
406c4
Convert 1100011110110011 (base 2) to base 9.
77113
What is -4611050 (base 8) in base 4?
-10301020220
What is -1088051 (base 11) in base 13?
-516702
Convert -eea (base 16) to base 2.
-111011101010
-422002 (base 8) to base 5
-13442130
152045 (base 8) to base 6
1055233
What is -19310 (base 14) in base 15?
-13d29
Convert -223902a (base 11) to base 13.
-a73a17
Convert 2b47 (base 13) to base 10.
6312
What is 10554622 (base 8) in base 13?
61c744
What is -110101000110111001 (base 2) in base 11?
-139484
-17ce1c (base 15) to base 6
-40450243
What is -100111222211 (base 3) in base 12?
-90504
What is 2012213240 (base 5) in base 15?
546eb5
What is -518c3 (base 14) in base 2?
-101111111111010011
Convert 3b43a8 (base 14) to base 4.
13303330100
What is 3db50e (base 15) in base 14?
576014
763635 (base 8) to base 7
2114032
-1593b9 (base 12) to base 14
-984b3
What is 1101e (base 16) in base 8?
210036
101110100110110110 (base 2) to base 16
2e9b6
What is e03509 (base 15) in base 2?
101000100110010001001101
211200101220 (base 3) to base 8
1547752
Convert -55b5cc (base 14) to base 16.
-2c7120
Convert 27801 (base 16) to base 10.
161793
-100060 (base 11) to base 16
-2755d
What is 11211013 (base 5) in base 7?
566520
1110001010101101001 (base 2) to base 5
104323413
Convert -12616456 (base 7) to base 6.
-40542351
Convert -144445334 (base 6) to base 10.
-3023482
Convert 50232302 (base 6) to base 14.
28d526
36634 (base 13) to base 2
11000011001010010
Convert -11003763 (base 8) to base 11.
-1373115
What is -1010110110001011101010 (base 2) in base 16?
-2b62ea
Convert -110010101110000011 (base 2) to base 9.
-345870
Convert 71dd1 (base 15) to base 5.
43021441
What is 68c64 (base 14) in base 6?
5244012
What is 334dbe (base 15) in base 5?
1111242404
133010311323 (base 4) to base 12
288a363
Convert 19a958 (base 15) to base 9.
2315762
Convert 717274 (base 9) to base 15.
85ee1
Convert 101001000010100001001 (base 2) to base 6.
44453453
What is 349c9 (base 15) in base 12?
80b99
216520012 (base 7) to base 12
44a0891
What is 100012211111 (base 3) in base 6?
3515451
What is 272009 (base 10) in base 2?
1000010011010001001
701471 (base 11) to base 6
40112002
What is -397880 (base 10) in base 11?
-251a2a
-12931602 (base 10) to base 5
-11302302402
-52 (base 15) to base 4
-1031
What is 10110100101101011 (base 2) in base 11?
63572
-108763 (base 9) to base 14
-19c2d
What is dc2a2 (base 15) in base 6?
22553055
-3335011 (base 6) to base 14
-45475
6385 (base 11) to base 4
2003322
What is 1000111110010011011 (base 2) in base 5?
33402133
Convert 33ab27 (base 14) to base 10.
1758351
What is -9de5d (base 16) in base 8?
-2357135
-3321240 (base 5) to base 15
-12165
What is a56083 (base 11) in base 10?
1691792
What is 1061565 (base 7) in base 16?
20652
-475b6 (base 16) to base 11
-18a658
What is 54404553 (base 6) in base 14?
301b81
-100442410 (base 5) to base 13
-112a33
-33313310 (base 4) to base 6
-1220552
-101200200 (base 3) to base 8
-17162
Convert -91a896 (base 14) to base 10.
-4907972
Convert 1b54d (base 15) to base 8.
255564
What is -1246145 (base 8) in base 7?
-2644232
-100010020110 (base 3) to base 9
-303213
Convert -4134203 (base 5) to base 3.
-10110100111
136266310 (base 7) to base 8
42231504
Convert -2310202 (base 6) to base 13.
-41939
Convert -79955 (base 16) to base 10.
-498005
What is 5003e (base 15) in base 8?
756400
93c14 (base 14) to base 10
356346
-2222010222100 (base 3) to base 14
-2d0c94
What is -3315289 (base 10) in base 2?
-1100101001011001011001
Convert -50d49 (base 15) to base 9.
-430286
What is -a03175 (base 15) in base 7?
-121430465
Convert -575472 (base 9) to base 10.
-345206
-1110011000011100111001 (base 2) to base 8
-16303471
What is -115770 (base 10) in base 6?
-2251550
-55355 (base 9) to base 7
-212060
4cb8d (base 15) to base 8
737550
Convert -18143775 (base 9) to base 4.
-202303030310
Convert -210020112220 (base 3) to base 13.
-118410
2d7ae (base 16) to base 3
100110112111
What is 122022320 (base 4) in base 14?
2b0c8
Convert -17243 (base 16) to base 15.
-1d142
-120110012102110 (base 3) to base 4
-133110310311
277277 (base 10) to base 4
1003230131
-197d1 (base 15) to base 6
-1435111
-7812 (base 16) to base 2
-111100000010010
Convert -10110010010000010110111 (base 2) to base 11.
-332a542
Convert -524443 (base 6) to base 2.
-1010011000001011
What is 1405000 (base 6) in base 16?
133f8
What is 3430203 (base 5) in base 10?
61303
Convert 30187 (base 13) to base 15.
1a70d
What is 1a763 (base 12) in base 16?
98bb
Convert -7a643 (base 13) to base 3.
-102022212000
What is -12000110200 (base 3) in base 4?
-120013011
What is -527bfe (base 16) in base 7?
-63643020
Convert -1466215 (base 8) to base 2.
-1100110110010001101
Convert 3707311 (base 8) to base 13.
299113
What is 21d50 (base 14) in base 5?
10112234
What is 5630246 (base 7) in base 13?
1b4cac
What is -2200233131 (base 4) in base 6?
-22040045
-1052242 (base 6) to base 5
-3204131
Convert -20011011221122 (base 3) to base 7.
-36542255
30867144 (base 9) to base 11
8433a65
11100323 (base 5) to base 7
552456
738b14 (base 14) to base 12
1383412
Convert 1c2ea (base 16) to base 12.
56976
142340 (base 10) to base 6
3014552
414502053 (base 6) to base 9
14530866
What is 18163 (base 13) in base 5?
2441022
Convert -1020202002122 (base 3) to base 10.
-664190
What is 60f7c9 (base 16) in base 9?
12855237
Convert 383e8b (base 15) to base 10.
2696531
Convert -32221311 (base 4) to base 10.
-60021
What is 201111201121 (base 3) in base 6?
12121411
What is 14030332 (base 5) in base 6?
3020052
57439 (base 16) to base 13
c68cb
Convert -1001012122220 (base 3) to base 7.
-4501545
Convert -1000110111110110101110 (base 2) to base 15.
-30e274
Convert -4902141 (base 10) to base 8.
-22546375
Convert -354221552 (base 6) to base 14.
-c4d27a
-1a3727 (base 13) to base 10
-664710
What is -1246880 (base 9) in base 5?
-133242